z.
3, 23
Suppose -6 = 4*l - 2*l. Let c = 0 + l. Let v = c + 24. List the prime factors of v.
3, 7
Let w = -1177 + 2040. What are the prime factors of w?
863
Let b(k) = -3*k**3 - k**2 - 8*k + 5. What are the prime factors of b(-6)?
5, 7, 19
Let f(u) = 18*u + 1. Let j be f(1). Let s(h) = -3*h**2 + 31*h - 26. Let n be s(9). Let x = n + j. List the prime factors of x.
29
Suppose 0*p = -p. Suppose -5*x + 3*q + 2*q = p, 10 = -2*x + 4*q. List the prime factors of x.
5
Suppose -2*d = 4*d. Suppose n = -d*n + 28. List the prime factors of n.
2, 7
Let r(d) be the third derivative of 5*d**4/12 - d**3/2 - 9*d**2. What are the prime factors of r(7)?
67
Let z = 159 + -60. Let l(q) = -2*q**3 + 21*q**2 - 17*q + 22. Let a be l(10). Let t = z + a. List the prime factors of t.
3, 17
Let c = 49 + -28. What are the prime factors of 2217/c + 12/(-21)?
3, 5, 7
List the prime factors of -3*(2 + (-3404)/12).
5, 13
Let d(o) = -o**3 + 4*o**2 + 4*o - 9. Suppose 0 = -8*n + 6*n + 8. Let c be d(n). Let w(p) = p**2 - 3*p + 5. What are the prime factors of w(c)?
3, 11
Let g = 1917 - 1248. List the prime factors of g.
3, 223
Let w be ((-1617)/14)/(-7)*(-2)/3. Let u(t) = -16*t + 40. List the prime factors of u(w).
2, 3
What are the prime factors of (7242/(-85))/(((-9)/10)/3)?
2, 71
Let a = -594 + 1007. What are the prime factors of a?
7, 59
Let h be (-2)/4 + (-2)/(-4). Let j be (0 - -14) + -7 + -2. Suppose -5*v + 284 = -4*m, -j*v - 5*m + 222 + 53 = h. What are the prime factors of v?
2, 7
Suppose 4*h = 4*p + 4772, -9*h + 3547 = -6*h + 5*p. List the prime factors of h.
29, 41
Suppose -5*z - 5*m + 225 = 0, -5*z + 3*m = -238 + 13. Suppose p - z - 82 = 0. List the prime factors of p.
127
Let l(q) = -q**3 - 4*q**2 + 6*q + 7. Let p be l(-5). List the prime factors of p + (-3)/((-4)/328*2).
5
Let w = 10 - 8. Suppose -w*b + 88 = -8. Suppose -p + 4*p = b. What are the prime factors of p?
2
Let i = 1116 - 302. What are the prime factors of i?
2, 11, 37
Let t be (-135)/(-7) - (-34)/(-119). Let j be (-40 - -2)*1/(-2). Suppose t = q - j. List the prime factors of q.
2, 19
Let i = 172 - 160. Suppose -i*h - 1396 = -4480. What are the prime factors of h?
257
Let h(u) be the first derivative of -u**4/4 + 5*u**3/3 + 3*u**2/2 + 5*u - 10. Let q be h(-4). Suppose -3*a + q = -34. What are the prime factors of a?
3, 19
Let s(v) = v + 17. Let l be s(-16). List the prime factors of l/(-2) + (-42)/(-4).
2, 5
Let d be (-3)/6*(10 + -4). What are the prime factors of d + (-2 - -54) + -2?
47
Let k = 901 - 563. List the prime factors of k.
2, 13
List the prime factors of (-4)/18 - (4 + 1768/(-18)).
2, 47
Suppose 4*a + 3*s = 3630, -2*s = -2*a + 253 + 1555. List the prime factors of a.
2, 3, 151
Let w(v) = -v**3 + 5*v**2 - 2*v + 2. Let h be w(3). Let l = -14 + h. Suppose l = 3*p + 9 - 78. What are the prime factors of p?
23
Suppose -3*f - 30 = k - 314, f = -k + 294. Suppose -3*q + k = -s, -2*q = q - 5*s - 307. List the prime factors of q.
3, 11
Let z = -660 + 1141. What are the prime factors of z?
13, 37
Let k(g) = 3*g**2 - g + 14. Let d be k(0). Let f = d - -64. List the prime factors of f.
2, 3, 13
Let h(p) = p**3 - 6*p**2 - 10*p + 28. Let c be h(7). Suppose -5*v + c + 545 = 3*u, 167 = u - 4*v. List the prime factors of u.
179
Suppose 15 = -0*a + 5*a. Suppose 2*y + 2 = 4*j, 0 = a*y - j - 9 - 3. Suppose 64 = 3*v - y*h, 2*v = v + 4*h + 26. List the prime factors of v.
2, 3
Suppose -18*o = 13*o - 95046. List the prime factors of o.
2, 3, 7, 73
Let q(a) be the third derivative of 53*a**5/30 - a**4/6 - a**3/3 - 12*a**2. List the prime factors of q(-1).
2, 3
Suppose 0 = -2*l - 3*l - 55. Let z be (24 - -1) + -37 + 30. Let s = z + l. What are the prime factors of s?
7
Let z(h) = -9*h**3 - 10*h**2 - 17*h - 1. Let w(d) = 5*d**3 + 5*d**2 + 9*d. Let a(g) = 11*w(g) + 6*z(g). Let m = -7 + 13. List the prime factors of a(m).
2, 3
Suppose w = 2, 3*w + 162 = 5*q - w. Suppose 0 = -3*p + 5*y - q, 0 = 5*p - 2*p + 5*y + 14. List the prime factors of 4 + -1 + (4 - p).
3, 5
Let k(m) = 2*m + 47. What are the prime factors of k(-22)?
3
Let h(d) = 46 + 17*d - 26 - 25 - d**2. Let s be h(16). Suppose -34 - s = -3*l. What are the prime factors of l?
3, 5
Let a = 68 - -157. Suppose 4*x + 3*l = a, -3*x + 3*l + 156 = l. What are the prime factors of x?
2, 3
Suppose 39 = 3*y + 30. Suppose 0*i + 10 = 5*i + 3*l, -i + 2 = 5*l. Suppose y*q = -r + q + 15, 75 = 5*r - i*q. What are the prime factors of r?
3, 5
Let x(w) = -w**3 + 16*w**2 + 10*w + 78. List the prime factors of x(15).
3, 151
Suppose -6 = 2*p, -2*x + 3*p + 19 = -0*x. Suppose x*j - 14 - 41 = 0. Suppose -4*b + 5*b = j. What are the prime factors of b?
11
Let c = 22 - 10. What are the prime factors of (c/(-3) - -104) + -2?
2, 7
Let q(b) = -78 + 80 - 2*b + 16*b**2 + 61*b**2. List the prime factors of q(1).
7, 11
Let n be (26/6)/((-3)/(-639)). Suppose n = 8*z + 163. What are the prime factors of z?
5, 19
Let h = 688 - -1748. List the prime factors of h.
2, 3, 7, 29
Let h(v) be the second derivative of v**4/6 + 7*v**3/6 - 3*v**2/2 + v. Let c be h(-6). Suppose -2*p + c = p. What are the prime factors of p?
3
Suppose -4*b + 12*y + 164 = 17*y, 0 = -3*b + 5*y + 123. What are the prime factors of b?
41
Suppose -w + 2*r + 7 = 0, -5*w = -0*r - r - 26. List the prime factors of 455/26*6/w.
3, 7
Let h = 11 - 10. Let v be 3 - (0 - (-2 - 1)). List the prime factors of (h - v)/((-4)/(-44)).
11
Let m(c) = -8*c**3 + 2*c**2 - 3*c - 3. Let n be m(-2). Suppose 12 = -9*v - 15. What are the prime factors of n/(v/(-1)) + -3?
2, 11
Let k = 1224 + -1178. Let c be 1*2/2*1. Let l = k - c. List the prime factors of l.
3, 5
Let j be (-2)/(-4) - 276/24. Let u = 10 + j. Let v(c) = -11*c + 1. List the prime factors of v(u).
2, 3
Let c = 85 + -89. Let l(v) = v**2 - 2*v - 22. List the prime factors of l(c).
2
Let f = 32 + -97. Let q = 106 + f. List the prime factors of q.
41
Let q = 66 + -65. What are the prime factors of (-712)/(-2)*q/2?
2, 89
Let p(v) = -46*v + 347. List the prime factors of p(-11).
853
Let x be 36/4*((-3 - -98) + 3). Suppose 13*q = 4*q + x. What are the prime factors of q?
2, 7
Let q(m) = -107*m + 904. List the prime factors of q(6).
2, 131
Suppose 10*m - 8*m - 1926 = -4*w, 2*m = -w + 489. What are the prime factors of w?
479
Let y = -1157 + 3021. What are the prime factors of y?
2, 233
Let l = 70 - 91. Let w(j) = j**2 + 8*j - 61. What are the prime factors of w(l)?
2, 53
Let a = -27 + -12. What are the prime factors of ((-27)/(-4))/(a/(-728))?
2, 3, 7
Let s = -22 + 25. List the prime factors of s*(-2)/(-18)*213.
71
Let m be (-168)/9*3 + 3. Let k be (-5 - -3)*186/4. Let b = m - k. What are the prime factors of b?
2, 5
Let n(l) = 15*l**3 - 4*l**2 + 3*l - 4. Let d(k) = 7*k**3 - 2*k**2 + 2*k - 2. Let o(m) = 7*d(m) - 3*n(m). List the prime factors of o(2).
2
Let l(y) = y**2 + 76*y + 2697. What are the prime factors of l(0)?
3, 29, 31
Suppose v + 111 = -5*s, -5*v - 246 - 267 = 4*s. Let o = -24 + v. Let j = -60 - o. List the prime factors of j.
5, 13
Suppose 5*g = -6*g + 66. Suppose -g*l + 135 = -51. What are the prime factors of l?
31
Let c = 1269 + -671. What are the prime factors of c?
2, 13, 23
Let u(o) = o**3 + 6*o**2 - 5*o - 4. Let g = 42 + -47. What are the prime factors of u(g)?
2, 23
Let b(h) = 186*h**3 - h**2 - 9*h + 9. What are the prime factors of b(1)?
5, 37
Let r = -719 - -1502. What are the prime factors of r?
3, 29
Let w = -86 - -88. Suppose 3*j - a = 723, 3*a + w*a + 975 = 4*j. List the prime factors of j.
2, 3, 5
Suppose 0 = -x - 2*j + 513, -5*x = -4*j - 3803 + 1224. Let u = x - 282. List the prime factors of u.
233
Let u(a) = -21*a + 16. Let q be u(-5). Let v = -76 + q. List the prime factors of v.
3, 5
Let q = -4 - 5. Let z(d) = -d**3 - 5*d**2 + 17*d - 7. What are the prime factors of z(q)?
2, 41
Suppose k + 2*h = h + 784, 0 = 3*k + 2*h - 2347. What are the prime factors of k?
19, 41
What are the prime factors of (3768/(-96))/((-3)/96)?
2, 157
Let o(s) be the first derivative of -s**3/3 + 12*s**2 + 7*s + 14. What are the prime factors of o(20)?
3, 29
Let g = -10 + 18. Let f = g - 6. Suppose -h = f*h - 96. What are the prime factors of h?
2
Let o(m) = -2*m - 14. Let h be o(-6). Suppose -3*j - 2*y - 4 = -0*y, 4*y - 28 = 3*j. List the prime factors of (3 + h)/(j/(-36)).
3
Let i be (-137